 be u(-8). Suppose -5*m = -5*x - 30, -3*m + 14 = -h*m - 3*x. What is the highest common divisor of 16 and m?
2
Let s = -14 + 14. Suppose -56 = -2*v - s*v. Let o be (2 - 63/(-1)) + -9. Calculate the highest common factor of v and o.
28
Suppose l - 6*l = o - 558, 0 = -l - 5*o + 102. Suppose 3*w + 2*u = l, -w - 2*u - 3*u = -20. What is the highest common divisor of 460 and w?
20
Suppose 0 = -52*s + 256*s - 28152. Calculate the highest common divisor of s and 72174.
138
Let a(z) = -19 + 42 - z**2 + 2*z - 22*z. Let j be a(-18). Calculate the highest common factor of 649 and j.
59
Let t = -19 - -31. Let b be (-4 + (-9)/(-2))/((-2)/(-260)). Suppose -3*h = -4*s - b, 2*h = -4*s + 1 + 9. Calculate the greatest common factor of t and h.
3
Let g = 6752 - 6696. What is the greatest common factor of g and 4018?
14
Let j = 1480 - -59. Calculate the highest common factor of 38 and j.
19
Suppose -3*w - 5*k + 13830 = -10*k, 27684 = 6*w - 2*k. Calculate the highest common factor of w and 325.
65
Suppose -60 = -0*s - 2*s. Let j be (-1824)/(-28) + ((-78)/(-7))/13. What is the greatest common factor of s and j?
6
Let b(k) = -567*k - 414. Let n be b(-5). What is the greatest common divisor of 9 and n?
9
Let j(i) = i**2 + 15*i - 55. Let q be j(-18). Let m be 14 + 2/6*q*9. Calculate the greatest common factor of m and 55.
11
Let x be (((-80)/6)/(-4))/(62/3813). What is the greatest common divisor of 2009 and x?
41
Let h = -32809 + 32894. Calculate the greatest common factor of 1853 and h.
17
Let c(a) = 8*a**3 - 2*a**2 - 3*a + 2. Let l be c(2). Suppose -2*d - 3*d - 90 = 0. Let k be 2/d + (-2464)/(-63). What is the greatest common divisor of l and k?
13
Let t(b) = 153*b**2 + 541*b - 15. Let c be t(8). Calculate the greatest common divisor of 35 and c.
35
Let p(v) = 5*v + 7. Let u be p(-1). Let s be ((-1)/u - 0)*344. Let r = s - -247. Calculate the highest common divisor of r and 30.
15
Let p be 4/10*220/4*1. Suppose 5*y - 19 = 2*g - 4*g, 5*g = -4*y + p. Suppose g*z - 14 = z. Calculate the highest common divisor of z and 42.
14
Let i = -8220 + 8534. Calculate the highest common factor of i and 2041.
157
Let d(s) = 14*s**2 + 109*s + 15. Let c be d(-9). What is the highest common divisor of 2604 and c?
84
Suppose -576 = -17*w + 8*w. Suppose 0 = -3*d + w + 116. Let h be 10/8*64/2. Calculate the highest common factor of h and d.
20
Let p = 361 - 231. Let k = -92 - -96. Suppose -k*f = -22 - 30. What is the highest common factor of f and p?
13
Let c = -13251 - -13290. What is the highest common divisor of c and 650?
13
Let t(o) = 2*o**2 + 2*o - 4. Let w be t(3). Let v(r) = -13 + 4 + 8 - 4*r**2 + 46*r + 9. Let d be v(11). What is the greatest common factor of w and d?
10
Suppose -d + 841 = 5*w, 3*d + 2*w - 2523 = -2*w. Let l = 43690 - 43661. What is the greatest common divisor of l and d?
29
Let f = -476 + 478. Let v(c) = -6*c**3 + 2*c**2 - 1. Let z be v(-1). Suppose 0 = z*m - 3*m - 12. What is the highest common divisor of m and f?
1
Let w(u) = -2*u + 59. Let k be w(31). Let m be 3/(8/(-200)*k). Calculate the greatest common factor of m and 100.
25
Suppose 6999 = 3*d - 3*m, -5*m + 8526 = 3*d + 1543. What is the highest common divisor of d and 74?
37
Let p(y) = -8 - 11*y - 2*y**3 + 25 + 12*y**2 + 4*y - 5*y. Let v be p(5). What is the highest common factor of 119 and v?
7
Let r(q) = -9*q + 104. Let j be r(-8). Suppose -467*i + 475*i = j. What is the greatest common factor of 704 and i?
22
Let a(u) = -2*u**3 - 13*u**2 - 3*u - 16. Let i be a(-10). Let s = i + -506. Calculate the highest common divisor of 52 and s.
52
Suppose 0 = 2*v + 2*h - 18, -h = 5*v - 33 + 8. Suppose -36*f + 10 = -41*f, -v*f = 2*c - 502. What is the highest common divisor of c and 15?
15
Let o(n) = -4*n - 3. Let x be o(-2). Suppose -6*d = 1933 - 8065. Suppose a = -1017 + d. Calculate the highest common factor of x and a.
5
Let w(b) = 2*b. Let v be w(2). Suppose 2*m = -8, z - 33 = v*m + m. Suppose 0 = 1150*u - 1188*u + 4446. Calculate the highest common divisor of u and z.
13
Let n be (-32)/56 + 18/7. Suppose 5*s + 42 = n*s. Let y be (-2)/(-4) + (-161)/s. Calculate the greatest common factor of y and 60.
12
Let p = -9673 - -9709. Calculate the highest common factor of p and 423.
9
Let x = 3712 + -2886. What is the highest common factor of x and 42?
14
Let r(k) be the first derivative of k**3/3 + 15*k**2/2 + 21*k - 6. Let c be r(-14). What is the greatest common divisor of 14 and c?
7
Let n be (-4)/8 + 614/4. Let p = -97 + n. Let o be 363/44 + 3/(-12). Calculate the highest common divisor of p and o.
8
Let k(b) = -187*b + 2295. Let u be k(12). Let s be (255/6)/(1/6). What is the highest common divisor of u and s?
51
Let v = 13108 - 11238. Calculate the highest common factor of 170 and v.
170
Let k = -503 + 890. Let y(h) = -h**3 + 178*h**2 + 3526*h + 410. Let s be y(196). What is the greatest common divisor of k and s?
9
Let s be (-21 - -20)/(0 - 1/61). Let m = 14 - s. Let w = 2 - m. What is the greatest common factor of 7 and w?
7
Suppose 29*a - 31 = 1013. What is the greatest common factor of a and 9132?
12
Suppose -2*l + 721 = 2*d + 205, 0 = -3*l + d + 778. Let c = -226354 - -226361. Calculate the highest common factor of c and l.
7
Suppose -5*o = 3*z - 40, -5*z - 12 = 5*o - 62. Suppose z*x + 15 = 2*x, x - 31 = -3*t. Calculate the highest common factor of t and 48.
12
Let h = 11808 + 4590. Calculate the greatest common factor of h and 18.
18
Suppose -11*t + 127 + 489 = 0. Let v = 32 - -122. Calculate the greatest common factor of t and v.
14
Suppose 0 = -r - 5*q + 42, 0 = -697*r + 700*r - q - 62. Calculate the greatest common divisor of 1045 and r.
11
Let u(o) = -o**3 - 16*o**2 - 29*o - 6. Let m be u(-14). Suppose 18 = n + n. Let d = n - -23. Calculate the highest common divisor of m and d.
8
Let y(u) = 2080*u + 2 + 3 - 2129*u. Let n(b) = 48*b - 4. Let l(p) = 3*n(p) + 2*y(p). Let d be l(1). What is the highest common factor of 44 and d?
44
Suppose -2*q + 44 = -s - 136, 2*s + 339 = -3*q. Let i = s + 188. Calculate the greatest common factor of 42 and i.
14
Let c(r) = 4*r + 49. Let l be c(-12). Suppose -l = -b, 2*p - 4*b = p + 220. What is the greatest common factor of p and 32?
32
Let v(a) = -36*a - 8. Let j be v(-1). Suppose j*n - 7 = 27*n. Calculate the greatest common factor of n and 21.
7
Let x(v) = v + 22. Let f be -6 + 2 - (-6 + 28/7). Let w be x(f). Calculate the highest common divisor of w and 8.
4
Let r = -5230 - -5300. What is the greatest common divisor of 12145 and r?
35
Let l = -45 + 77. Suppose -3*z + 16 = -7*z + 5*a, 3*a + 3 = z. Let f be 168/z*36/(-14). Calculate the highest common divisor of f and l.
16
Suppose 0 = 10*s - 6*s - 12. Suppose -5*a + 151 = s*b - 4, 0 = 3*b - 5*a - 115. Suppose 0 = 5*c + 20 - b. What is the highest common factor of 95 and c?
5
Let n be 6/(-27) + 7/21 + (-115664)/(-36). What is the highest common factor of n and 756?
189
Let z(x) = -x**2 + 28*x + 36. Let c(n) = 2*n**2 - 56*n - 70. Let a(r) = 3*c(r) + 7*z(r). Let t be a(29). What is the highest common divisor of t and 130?
13
Let j be 237 - (1 - (-2 + 6)). Suppose 0 = -3*z + 5*x + 352 - 64, 3*z - 4*x = 288. Calculate the greatest common factor of j and z.
48
Let a = 66 + -69. Let n be (-10)/a*(-4 + 1). Let b(y) = y**2 + 12*y + 35. Let p be b(n). Calculate the greatest common divisor of 105 and p.
15
Suppose 40 = 2*y - 36. Let j(m) = -m**2 + 6 + 21 - 80*m + 67*m. Let q be j(-10). Calculate the highest common divisor of q and y.
19
Let t be -54*1*2/(-4). Let r = 32 - t. Suppose r*g = 336 - 61. Calculate the greatest common factor of 33 and g.
11
Let v(q) = -q**3 + 5*q**2 - 3*q + 8. Let t be v(4). Suppose 10*p - 13*p + 234 = i, 0 = -3*p - 3*i + 234. Calculate the highest common divisor of p and t.
6
Let z be (-168)/1820*-39*290/6. Calculate the highest common factor of 822 and z.
6
Let r be (((-3)/(-6)*0)/3)/3. Suppose 9*x - 2*x - 21 = r. Suppose 0 = -2*m + x*j + 115, -2*m + 4*j + 45 = -m. What is the greatest common divisor of m and 5?
5
Let c be 457 + -34 - (7 + 1). What is the greatest common divisor of c and 10?
5
Let d(m) = 2*m**2 + 34*m + 142. Let u be d(-7). Calculate the greatest common factor of 1052 and u.
2
Suppose -174*p + 962922 = -7*p. Calculate the highest common factor of p and 558.
186
Let h be (-36